st the prime factors of r.
2, 5
Suppose 0*a = -4*a + 96. Suppose -2*q + 3*q - a = 0. List the prime factors of q.
2, 3
Let i = -61 + 106. Suppose -i - 25 = -5*u. What are the prime factors of u?
2, 7
Let a = 76 - 50. List the prime factors of a.
2, 13
Suppose -5*n = -5*y - n + 68, -2*n = -y + 10. List the prime factors of y.
2
Let v = -4 - -4. Suppose a - 31 = -v*x - 5*x, 5*x = 2*a + 13. What are the prime factors of a?
2, 3
List the prime factors of 2 + -15*(-20)/12.
3
Suppose -4*b + 2*b = -6. Suppose -c + 4*d + 11 = 0, d = -4*c + b*d + 72. What are the prime factors of c?
19
Let i(o) = 11*o - 13. What are the prime factors of i(6)?
53
Let w be (-261)/(-4) - 3/12. Let q = w + -45. List the prime factors of q.
2, 5
Let k = -83 + 110. What are the prime factors of k?
3
Let w be (28/12 + -2)*0. What are the prime factors of w - -11 - (-9)/3?
2, 7
Let w(h) = -h**2 - 9*h + 11. Suppose -3*b - 79 = -1. Let t = 17 + b. List the prime factors of w(t).
11
Suppose -4*h - 2 = -22. Suppose 0*z - 20 = -h*z. What are the prime factors of z?
2
Let g(m) = -17*m. Let z = 5 + -6. List the prime factors of g(z).
17
Let s(g) be the first derivative of g**4/4 - 7*g**3/3 + g**2 + 2*g - 3. List the prime factors of s(7).
2
Let k = -63 + 89. List the prime factors of k.
2, 13
Let c(u) = u**2 - 5*u - 4. Let d be c(10). Let z = -19 + 52. Let i = d - z. List the prime factors of i.
13
Suppose 4*j + 4*u = 72, -j - 3*u = -3*j + 21. Suppose 4*r = j + 33. Suppose -4*s + s = -r. List the prime factors of s.
2
Let s be -2*1*(-1)/2. What are the prime factors of s/(-1)*(-3 + -16)?
19
Suppose -5*v + 3*n + 24 + 57 = 0, 4*v = -3*n + 54. Let f = v + -3. Suppose -3*o = -f - 12. What are the prime factors of o?
2
Suppose -3*u = -4*u - 1. List the prime factors of (u/(-2))/(3/90).
3, 5
Let i(z) = z**3 - 8*z**2 + 9*z - 10. Let n be i(7). Suppose -69 = -n*j + 19. Suppose 0 = -w + 3*w - j. What are the prime factors of w?
11
Let n = 70 + -65. What are the prime factors of n?
5
Let p(q) = -q**3 - 2*q**2 + q - 2. Let i be p(-4). Suppose -2*y = -3*y. Suppose 5*b - 5*m - 10 = y, -b - 4*m = m - i. List the prime factors of b.
2, 3
Suppose -4*b - 20 = 5*o, -3*b - 19 = 4*o - 3. Let d = b + -21. What are the prime factors of 99/21 + (-6)/d?
5
Let d = 49 - -25. Suppose 5*x = d + 106. List the prime factors of x.
2, 3
Let g = 51 + -6. Suppose 3*z + 4*u - 6*u = 96, -z + 5*u + g = 0. List the prime factors of z.
2, 3, 5
Suppose -3*b = 3*b - 228. List the prime factors of b.
2, 19
Let q = -4 + 2. What are the prime factors of -1*(4 - 0)/q?
2
Suppose 122 = 4*l - 2. What are the prime factors of l?
31
Let s(p) = -p**3 + 5*p**2 + 9*p - 4. Let n be s(6). Let b be 5/2*2 + 0. Suppose -2*j - n = -b*l, -l - l = 5*j - 23. What are the prime factors of l?
2
Let p = 125 - 12. What are the prime factors of p?
113
Suppose -16 = -4*a - 4. Suppose -j - 4 = j + n, -a*j = -2*n + 6. List the prime factors of j + 6/(-9)*-30.
2, 3
What are the prime factors of 1/10*4*75?
2, 3, 5
Let d be -1*3*(-8)/(-6). Let q be d/(-14) - (-152)/7. Suppose 2 = -5*g + q. What are the prime factors of g?
2
Let s be -48*(-9)/6 - -1. Suppose 0 = 3*w - 5*q - s, 2*w - w - 2*q = 25. What are the prime factors of w?
3, 7
Suppose -3*d - 2*m + 175 = 2*m, -m + 286 = 5*d. List the prime factors of d.
3, 19
Let o = 149 - -25. List the prime factors of o.
2, 3, 29
Let m be (2 + -3)*-13*1. Let z(k) = 13*k + 14 + 2 - 1 + 0*k**2 - k**2. What are the prime factors of z(m)?
3, 5
Suppose -4*m = -9*m + 130. Let d = m - 15. List the prime factors of d.
11
Let s(c) = -3*c. Let p(l) = -l**2 + 6*l + 1. Let k be p(5). Let d be s(k). Let y = d - -27. What are the prime factors of y?
3
Let y be (-2 - -5) + -2 + 4. What are the prime factors of (-2)/(-2)*(y - 3)?
2
Let h(m) be the second derivative of m**4/12 + m**3 - 7*m**2 + 8*m. What are the prime factors of h(-10)?
2, 13
What are the prime factors of (-552)/(-7) - 1/(-7)?
79
Suppose -3*a = -5*w - 12 - 133, 0 = 2*a - 4*w - 98. Let o be ((5 - 2) + 37)*(-16)/(-10). Let m = o - a. What are the prime factors of m?
19
Suppose -24 = -4*k + 52. What are the prime factors of k?
19
Let l = -1 + 4. Suppose -o - 3*o - v + 53 = 0, l*o - 3*v = 36. List the prime factors of o.
13
Let l(g) = -g**3 + 5*g**2 + 5*g + 8. Suppose 4*f = -2*x, -2*x - 3*f + 4 = 1. Let r be l(x). Suppose -r*n + 5 = -1. What are the prime factors of n?
3
Let u(p) = -p**3 - 5*p**2 + 8*p - 5. Let i(w) = w**3 - 8*w**2 - 10*w + 2. Let d be i(9). List the prime factors of u(d).
37
Suppose 5*g - 15 = -0. Suppose -3*t + 12 = 0, -2*t - 31 = -5*y - 6*t. List the prime factors of (0 - y)/(g/(-5)).
5
Suppose 3*s - 2*s = 0. Suppose 3*a + 5 - 2 = s. List the prime factors of (-2)/2 + (7 - a).
7
Suppose 5*z - 15 = 0, 3*s - 2*z = 39 + 39. List the prime factors of s.
2, 7
Let r = -8 + 10. Suppose 5*j - m - 141 = 0, r*j + 57 = 4*j - m. What are the prime factors of j?
2, 7
What are the prime factors of 0 - -3 - 3/(15/(-815))?
2, 83
Suppose 20 = -4*x - 0*x + 2*j, -5*j = -2*x - 18. What are the prime factors of 19*(-8)/(1*x)?
2, 19
Let i(k) = -18*k + 1. Let c be (15/(-9))/(-5)*-3. What are the prime factors of i(c)?
19
List the prime factors of (7/14)/(2/172).
43
Let f = -84 - -119. List the prime factors of f.
5, 7
Let c = -108 - -28. What are the prime factors of c/(-6) + 2/3?
2, 7
Suppose o = 3*o - 2, 0 = -2*w - 4*o + 554. What are the prime factors of w?
5, 11
Suppose -x - x - 6 = 4*v, 0 = -5*x + 2*v + 9. Let t(o) = -7*o - 7 - o**2 - 5 - 5*o + x. List the prime factors of t(-9).
2
Let o = -1 + 3. Let i = 93 + -48. Suppose 7*j - i = o*j. What are the prime factors of j?
3
Let p(c) be the third derivative of 0*c + 1/60*c**5 - 1/24*c**4 + 0 - 1/6*c**3 - c**2. What are the prime factors of p(-2)?
5
Let q(f) = f**3 - 6*f**2 + 3*f + 4. Let r be q(5). Let v be ((-114)/(-9))/((-2)/r). Suppose -2*z + 4*o + v = 0, 3*z - 5 = -4*o + 2. List the prime factors of z.
3
Suppose 4*n + 2 = -2, o - 134 = 2*n. What are the prime factors of o?
2, 3, 11
Let t = 270 - 114. What are the prime factors of t?
2, 3, 13
Suppose 21 = -3*q - 9. Let d be q/35 - 38/14. Let k(u) = u**2 + 2*u + 2. What are the prime factors of k(d)?
5
Suppose 0 = -5*r + 10. Let z = 13 + r. List the prime factors of z.
3, 5
Let o(n) = 4*n + 18. What are the prime factors of o(0)?
2, 3
Suppose -3 = 5*b - z - 4, 0 = -2*b - z - 1. Suppose b = -4*v + 56. List the prime factors of v.
2, 7
Suppose 0 = -4*c - 0*c + 3*m + 44, 3*c = 5*m + 22. Let v be ((-54)/(-21))/3*c. What are the prime factors of (1*v)/(8/12)?
2, 3
Let d(y) = -2*y + 62. What are the prime factors of d(-17)?
2, 3
Let a(b) = -17*b**3 - b**2 + b + 1. What are the prime factors of a(-1)?
2
Let h(t) = t**2 - 6*t - 1. Suppose 5*i - 53 = -13. List the prime factors of h(i).
3, 5
Let u = -2 - -4. Suppose 26 = 4*s - u*s. List the prime factors of s.
13
Let r(v) = -4*v**2 + v. Suppose -39 = 5*w - 14, g + 3*w = -14. Let s be r(g). Let j = s + 8. What are the prime factors of j?
5
Suppose -4*n - 4*s - 49 = -137, -3*n + 3*s + 60 = 0. Suppose 3*j = -z + 34, 3*z - 5*j - n = 95. List the prime factors of z.
37
Let h(b) = b**3 + 5*b**2 - b - 5. Let d be h(-5). Suppose d = -q - 2*q + 9. Suppose -3*r = g + 4*g - 1, -q*g = 2*r. List the prime factors of g.
2
Let p(v) = -v**3 + 5*v**2 - 3*v + 3. Let o = 6 - 3. What are the prime factors of p(o)?
2, 3
Let g be 3/(-4) - 69/(-12). Suppose -3*h - 6 = 0, -4*c + 23 = -c + g*h. What are the prime factors of c?
11
Suppose -3*q + 25 = 4*d + 11, 3*d = 5*q - 4. Suppose 0 = 3*i - d*i - 5. Suppose -i*v = -6 - 69. What are the prime factors of v?
3, 5
Suppose -g - l + 23 = 0, 3*l + 128 = 4*g - 2*l. List the prime factors of g.
3
Suppose -5*a = -4*a + 5*i + 17, 23 = a - 3*i. Let w = a + -6. List the prime factors of w*(-1 + 1 + 3).
2, 3
Suppose b + 120 = -c + 5*c, -128 = -4*c + 3*b. Suppose -c = -5*m + 41. List the prime factors of m.
2, 7
Let x(s) = 105*s - 1. List the prime factors of x(1).
2, 13
Suppose -f + 78 = 2*z, -5*z + 2*z = -3*f - 126. List the prime factors of z.
2, 5
Suppose 0 = 2*i - 8 - 8. Let o = i - 6. What are the prime factors of (84/(-3 + 6))/o?
2, 7
Suppose -48 = -2*d - 0*d. Let n = -7 + d. What are the prime factors of n?
17
Suppose -3 = -3*f - 6, 0 = 4*a - 2*f - 146. What are the prime factors of a?
2, 3
Let a = 30 